s digit of s(46)?
2
Let k(y) = 162*y**3 + 6*y**2 + 24*y - 38. What is the thousands digit of k(6)?
5
Suppose -4*a + 960 + 224 = 0. Suppose -2*p - a = 3*j - p, j + 4*p = -106. Let b = j - -165. What is the tens digit of b?
6
Let d = 105562 - 39710. What is the units digit of d?
2
Suppose -2*q = 6, -j = 2*q - 1 + 5. What is the units digit of (-3 - (-6)/((-12)/(-122)))/j?
9
Suppose -41*r + 46*r = 99495. What is the hundreds digit of r?
8
Let k be 21/8 + 6/16. Let b(i) = -14*i**2 + 6*i**2 + i**k + i + 0*i**2 - 22 + 0*i. What is the tens digit of b(9)?
6
Suppose 36*d + 52*d - 1829168 = 0. What is the tens digit of d?
8
What is the units digit of 4 + (-10 - ((-39403 - 3) + 5))?
5
What is the hundreds digit of -7*(-8370)/9 + 2 + -2?
5
Let m = 49699 - 27988. What is the tens digit of m?
1
Suppose 20*g - 104635 = 305. What is the hundreds digit of g?
2
Let l = -192 + 196. Suppose -3*x - 46 = -2*r - 5*x, -l*r + 89 = 5*x. What is the tens digit of r?
2
Suppose -36*f + 30*f + 63210 = 0. What is the thousands digit of f?
0
Suppose 2*x + 18 = 4*z, 15 = 5*z - 0*x - x. Suppose 21*f + 91 = 22*f - 2*t, -z*f = -5*t - 186. What is the units digit of f?
3
Suppose 23682 = 3*u - 3*g, -3*u = 89*g - 84*g - 23642. What is the hundreds digit of u?
8
Let c be (510/25)/((-6)/120). What is the thousands digit of (37 - 0)/((-12)/c)?
1
Suppose -56*m + 298512 = -2*m. What is the thousands digit of m?
5
Let z = -31 - -34. Suppose -z*b - 6 = -3. What is the units digit of (b - -4) + (3 - -74)?
0
Suppose -127*b + 8269 = -15760 + 4090. Suppose 5*g = 5*s - 1345, 0 = 6*g - g. Let y = s - b. What is the hundreds digit of y?
1
Let i(j) = j**3 - 4*j**2 - 6*j + 5. Let a be i(5). Let g = a + -2. What is the units digit of 37/(-3 + 2 + g)*-6?
4
Suppose 1 - 1 = -3*h. Suppose 5*n - 10 = h, d - 4*n = 2*d - 12. Suppose 4*a = 2*g - a - 7, 8 = 4*g - d*a. What is the units digit of g?
1
Suppose -1 = -2*a - 4*k - 21, 0 = -4*a - 5*k - 25. Suppose a*o = -3*o + 6. Let h(d) = 5*d**2 + 7*d + 2. What is the tens digit of h(o)?
3
Suppose 2*d = -4*i + 2*i + 2, 5*i + 10 = -2*d. Let q be (-231)/6 - (d/(-2) + 3). Let n = q + 148. What is the units digit of n?
9
What is the units digit of 76777/4 + (1 - 9) + 3317/428?
4
Suppose -9*k - 390 = k. What is the hundreds digit of (-26)/k*759*1?
5
Let c = 572 + 9480. What is the tens digit of c?
5
Suppose -34863 = -5*c + 4*a, 4*a = -65 + 77. What is the units digit of c?
5
Let y = -3446 - -5537. Let k = y - 1196. What is the tens digit of k?
9
Let d(u) = -11*u**2 - 24*u + 78. Let x be d(12). Let w = -1066 - x. What is the units digit of w?
8
Let m be (909 - (-5 - (4 - 8)))/1. Let o = m + -475. What is the hundreds digit of o?
4
Suppose -44*q + 246 = -38*q. What is the tens digit of q/(-123) + (-2624)/(-6)?
3
Let y(s) = -116*s + 54*s + 67 + 53*s. What is the units digit of y(-9)?
8
Suppose -102*t + 238448 = 37*t - 83*t. What is the tens digit of t?
5
Let z = 5492 + -2348. Suppose 0 = 4*i + 8*i - z. What is the hundreds digit of i?
2
Let g(r) = r**3 - 8*r**2 + 16*r + 32. Let d = -155 + 163. What is the hundreds digit of g(d)?
1
Suppose 0 = 5*z, 2*t = -27*z + 28*z + 16968. What is the hundreds digit of t?
4
Suppose 467*z - 3*j = 462*z + 36793, j = -5*z + 36809. What is the units digit of z?
1
Suppose -35*q - 2*r = -34*q - 62850, 5*r - 125698 = -2*q. What is the units digit of q?
4
Let p(m) = 2*m**3 - 11*m**2 + 9*m - 7. Let k be -4 - ((-45)/5 - 6/2). What is the tens digit of p(k)?
8
Let b(v) = -v**2 + 8*v - 3. Let o be b(2). Let m(x) = -x**3 + 10*x**2 + 31*x - 19. What is the hundreds digit of m(o)?
3
What is the thousands digit of (9 - 1) + 11/((-77)/(-45850))?
6
Let d(q) = q**3 - 5*q - 7. Let y be d(3). Suppose y*w + 4*w + 252 = 0. What is the hundreds digit of (-3)/(-7) - 166*34/w?
2
Let a(z) = 151*z**2 + 16*z - 1. Let f be a(-3). Suppose -5*p - 11*h = -7*h - 3272, 2*p + h = f. What is the units digit of p?
6
Let a = -5257 + 10809. What is the hundreds digit of a?
5
Let d(f) = -2*f - 4. Let s be d(-8). Suppose r - 4*c + c = 10, 4*c + s = 0. What is the tens digit of 93 + r/4 + 15/(-12)?
9
Let t = 640 - 620. Suppose -4*n + t = 0, 6*z + 4*n = 3*z + 2996. What is the units digit of z?
2
Let a be 26 - (4/(-14) + 10/(-14)). Let m = -18 + a. Suppose m*f - 80 = 7*f. What is the tens digit of f?
4
Suppose 1070*h = 1066*h + 19164. What is the hundreds digit of h?
7
Let p(k) = -k. Let c(y) = -2*y**2 - 7*y + 1. Let d be c(-4). Let x be p(d). What is the units digit of x + 3/((-12)/8)?
1
Let m be -1*4 + (-1922 - 0). What is the hundreds digit of (-4)/(-8) + m/(-4)?
4
Suppose 4*g - 5*g = -450. Let x = -1418 - g. What is the tens digit of (3 - x/20) + 3/5?
9
Suppose 19 + 6 = -5*k. Let r be 2 + (k + 4 - 4421). What is the units digit of r/(-24) - 1 - 4/24?
3
What is the thousands digit of (-18)/(-21)*7/2 - -9470?
9
Let p(y) = -66*y - 1748. What is the units digit of p(-60)?
2
Let i be ((-2)/(-5))/(19/380). Let y(r) = r**2 - 10*r + 14. Let n be y(i). What is the units digit of (-1 - n - 717)*(-3)/12?
9
Let x(a) = 3*a + 39. Let p be x(-12). Suppose -p*y + 8 = 2*f - 6*y, -4*y - 12 = -3*f. What is the units digit of (36 - -1)*(f - 3)?
7
Let a = -353 + 357. Suppose -2529 = -4*x + c, -3*c + a*c + 3161 = 5*x. What is the units digit of x?
2
Let h(j) = -498*j**3 + 5*j**2 - 8*j - 49. What is the thousands digit of h(-3)?
3
Let x(l) be the third derivative of l**5/20 - 21*l**4/8 + 12*l**3 - 2*l**2 + 44. What is the hundreds digit of x(25)?
3
Let j(s) = -343*s - 16. Let n(u) = 7*u + 69. Let t be n(-10). What is the tens digit of j(t)?
2
Let j(n) = 870*n + 8. What is the units digit of j(9)?
8
Suppose 2*w + 413 = k, 5*w = 3*k - 6*k + 1184. Let l = k + -267. Suppose -63 = -n + l. What is the units digit of n?
9
Let o(c) = -c**3 + 4. Let r be o(-2). Suppose r*f = -5*f + 1411. What is the units digit of f?
3
Suppose 84*j - 655779 = 297369. What is the tens digit of j?
4
Suppose 134*q = 127*q + 133. What is the hundreds digit of 713/1 - (q + -15)?
7
Suppose -4*o = -16, 2*i + 148 = 4*o + 880. Let s = i - 269. What is the hundreds digit of s?
1
Let y = 3236 - -133. What is the units digit of y?
9
Let i = 55 - 20. Let f = 5473 - 5472. Suppose 3*r - f - i = 0. What is the tens digit of r?
1
Let d = 202 - 66. Suppose -3*k + 375 = 2*g, 0*g = -k + 3*g + d. What is the units digit of k?
7
Suppose 2*b - 99*k + 97*k - 140338 = 0, -4*b - 4*k = -280692. What is the ten thousands digit of b?
7
Let v(c) = -1417*c + 36. Let b be v(1). Let q = -359 - b. What is the hundreds digit of q?
0
Let i = 1210 + -725. Let b = i - 313. What is the tens digit of b?
7
Let t = 18 - 32. Let k be 51920/(-154) - 2/t. What is the hundreds digit of (-4)/(-24)*4 - k/3?
1
Suppose 2*a + d - 545 = 6*d, -828 = -3*a + 4*d. Suppose -1240 = -5*g + a. Suppose -98 = -6*v + g. What is the units digit of v?
7
Let x = 14760 + -4841. What is the thousands digit of x?
9
Suppose -2*x - 10 = 136. Let d = -69 - x. Suppose 0 = -d*u + 3*m + 413, -u = -0*u - m - 102. What is the hundreds digit of u?
1
Suppose 3*a + 345 = -3*h, -4*a - 94 = h + 9. Let w be (-15858)/81 - 6/27. Let y = h - w. What is the tens digit of y?
7
Suppose -141*u + 87200 = 4*m - 146*u, -3*u = 2*m - 43556. What is the units digit of m?
0
Let b(m) = 97*m + 71. Let z be b(3). Let o = 58 + z. What is the hundreds digit of o?
4
Let s be (5/(-4))/(8/(-224)). What is the units digit of 2/(-2) + -2 + s?
2
Let y = -20 - -23. Suppose -2*k - 4*h = -14, -y*h + 2*h + 4 = k. What is the hundreds digit of (7 + 60/(-8))/(k/(-362))?
1
Let f = 229 - 216. Suppose -5*v - 3024 = -f*v. What is the hundreds digit of v?
3
Let r = 49 - 26. Suppose -96 = -r*n + 25*n. Let h = 81 + n. What is the tens digit of h?
3
Let c be (((-24)/(-20))/(-3))/((-12)/330). Suppose 131 = u - 5*w, -8*u = -c*u - 5*w + 493. What is the units digit of u?
6
Suppose 0 = -o - 4*i + 21, 2*o - 9*i + 2 = -6*i. Suppose -5*h = 3*z - 5082, 0 = o*h + 7*z - 5*z - 5078. What is the thousands digit of h?
1
Suppose -38836 = -4*r + 2*w, -22 + 30 = -4*w. What is the thousands digit of r?
9
Suppose 0 = 7*n - 6566 - 8813. Suppose 11*d - 894 - n = 0. What is the units digit of d?
1
Let g = -238 - -1038. Suppose 0 = 69*b - 73*b + g. What is the tens digit of b?
0
Suppose -51*y = 41*y + 321514 - 2869454. What is the units digit of y?
5
Let f(